45. Calculate the highest common divisor of p and 2365.
55
Suppose -21*x + 18*x + 102 = 0. Let k(b) = -3*b**3 - 4*b**2 + 6*b - 7. Let o be k(-5). Calculate the greatest common divisor of o and x.
34
Let w(h) = h**3 + 25*h**2 + 39*h + 10. Let c be w(-23). Calculate the greatest common divisor of 9 and c.
9
Let o(y) = 13*y**2 - 23*y + 32. Let h be o(-10). What is the highest common divisor of h and 22?
22
Let s(q) = -q**2 - 17*q + 59. Let u be s(-19). Calculate the highest common divisor of u and 525.
21
Let y = 109 - -914. Calculate the greatest common divisor of 186 and y.
93
Let m = -72 - -73. Let i be ((-228)/(-8)*-2)/(m/(-1)). Calculate the highest common divisor of i and 3.
3
Let d = 160 - 130. Calculate the greatest common factor of d and 80.
10
Let c = -126 - -132. Suppose -c*d - 30 + 48 = 0. Suppose 3*s = 4*s - 6. Calculate the greatest common factor of s and d.
3
Let g(a) = -a - 1. Suppose 0*w + 10 = -5*w. Let r be g(w). Suppose 5 - 32 = -3*y. Calculate the highest common divisor of r and y.
1
Let m be 9*(-8)/(-2) + -1. Let f be (-9)/(4 + -1) + -6. Let x be -4 - (2 - 2) - f. What is the highest common factor of x and m?
5
Suppose -21 = 2*z + 29. Let f = z + 41. Let b be (-274)/(-17) - f/136. What is the greatest common divisor of b and 80?
16
Suppose 0 = -2*n - 5*a + 2, 5*n - 2*a + 0*a = -53. Let i(z) = -z**2 - 11*z + 2. Let l be i(n). Calculate the highest common divisor of l and 20.
20
Let z = 372 + -361. Let y be 90 - (-1 + 1)/2. Suppose 2*s = s - p + 26, -y = -5*s + 5*p. Calculate the highest common factor of s and z.
11
Suppose 0 = 4*c + 3*r - 246, -c + 2*c - 5*r - 73 = 0. What is the highest common divisor of c and 99?
9
Let d = -42 + 130. What is the greatest common factor of d and 44?
44
Let x = 795 + -759. Let c be -5*24*12/(-5). What is the highest common factor of c and x?
36
Suppose -4*i - 25 = -9*i. Suppose -d = -i*d. Suppose d = u - 2, -5*u + u = -3*f + 7. Calculate the greatest common factor of 15 and f.
5
Let o(h) = 4*h - 14. Let i(r) = r**3 + 6*r**2 - r + 7. Let b be i(-6). Let q be o(b). What is the highest common divisor of 266 and q?
38
Let y = -2005 - -5271. Suppose 1783 = 9*v - y. What is the highest common factor of 51 and v?
51
Let b = 2284 - 2119. Calculate the greatest common factor of 135 and b.
15
Let k(h) = 3*h**3 + 2*h**2 - 6*h + 5. Let q be k(1). Calculate the greatest common factor of q and 19.
1
Let s be 6/1*(-11 - -20)*6. Calculate the greatest common factor of 63 and s.
9
Let s = 22 + -15. Let v = -1 + 6. Suppose -v*x - 99 = -4*d - 2*x, 2*x - 11 = -d. What is the highest common factor of d and s?
7
Suppose 0 = 7*d - 3*d - 260. Calculate the highest common factor of d and 20.
5
Let x(p) be the third derivative of p**4/24 + 5*p**3/6 - 4*p**2. Let i be x(-3). Let h = 13 - 7. What is the highest common factor of h and i?
2
Let a(o) = -o**3 - 7*o**2 - 6*o + 6. Let c be a(-6). Let r(w) = -w**2 + 30*w - 56. Let g be r(26). Calculate the highest common factor of g and c.
6
Let v(p) = 4*p - 14. Let c be (31 - 1)/(-3)*(-2)/4. Let f be v(c). Calculate the greatest common factor of f and 15.
3
Suppose -977 = -5*n + 1823. Suppose 0 = 6*w - 2*w - 5*h - n, -3*w = -3*h - 417. Calculate the highest common factor of 15 and w.
15
Let h(f) = f**2 + 10*f + 11. Let p be h(-7). Let m(b) = -b**3 - 11*b**2 - 14*b + 5. Let g be m(p). What is the highest common divisor of 5 and g?
5
Let x be (-200)/(-9) + (-2)/9. Calculate the greatest common factor of x and 6.
2
Suppose 21 = -b - 5*q, 4*q + 42 - 2 = 5*b. Let n = b + -1. Let s(k) = k**2 + k. Let w be s(-3). What is the highest common factor of w and n?
3
Let y = -335 + 345. Calculate the highest common factor of 70 and y.
10
Suppose 14*s + 78 - 274 = 0. Calculate the highest common factor of s and 2.
2
Let f = 36 + -26. Let j be (-4)/(-6)*(-840)/(-7). What is the highest common divisor of j and f?
10
Let b = -51 + 91. Let w(c) = c**2 + 8*c - 4. Let g be w(-9). What is the greatest common factor of g and b?
5
Let a(g) = 12*g - 137. Let p be a(12). What is the greatest common factor of 238 and p?
7
Suppose -3*g = -6*g - 72. Let o be 106/14 + g/(-56). Calculate the greatest common divisor of 72 and o.
8
Suppose -8 + 23 = -5*k. Let g be (k - (-9 + 3)) + -3. Suppose -5*c = -g*c - 280. What is the greatest common factor of c and 8?
8
Suppose -5*f + 195 = -0*f. Let b be (-1)/((-15)/(-2)) - (-11112)/(-360). Let r = f + b. Calculate the greatest common divisor of r and 72.
8
Suppose -2*c = -6*c - 168. Let p be c/(-7)*(-1)/(-2). Suppose 7*d - 24 = p*d. Calculate the highest common factor of d and 48.
6
Let a(o) = 2*o**2 + 24*o - 115. Let q be a(10). What is the greatest common factor of q and 125?
25
Suppose -4*n - 12 = -u, -u = -2*u + 4. Let j be n/(-3*4/138). Calculate the highest common factor of 184 and j.
23
Let f = 109 - 100. What is the highest common divisor of f and 90?
9
Let s be (2 - 3) + (-7 - -48). Suppose -s*k = -43*k + 72. Calculate the highest common factor of k and 24.
24
Let h(a) = -47*a - a**3 + 2*a**3 - 6*a**2 - 8 + 114*a - 55*a. Let d be h(5). Calculate the greatest common divisor of 27 and d.
27
Let f be (19 + 26)*(-14)/(-6). What is the highest common divisor of f and 231?
21
Suppose 283*b - 327*b = -3388. What is the highest common factor of b and 7?
7
Let d be 15585/120 - (-1)/8. Let j = -15 - -32. Let t = 9 + j. Calculate the greatest common divisor of t and d.
26
Suppose -155 = -2*c + 3. Let q be c/6 + 1/(-6). Calculate the highest common factor of 13 and q.
13
Let c be ((-6)/4)/(6/(-64)). Let w be (3 + 3/(-3))*1. Let b(v) = 6*v**3 - v + 2. Let s be b(w). What is the highest common factor of s and c?
16
Let w = 75 - -231. Let x(c) = -51*c**3 - c**2 + 1. Let z be x(1). Let m be z/(-6*3/12). What is the greatest common divisor of m and w?
34
Let k(b) = -8*b - b - 6*b - 24 - 35. Let j be k(-7). What is the greatest common factor of j and 2?
2
Let d be 0 - (-4)/6*6. Suppose -8 - d = -2*c. What is the highest common factor of 3 and c?
3
Let u(y) = -334*y**3 + 7*y**2 + 3*y - 2. Let x be u(-1). What is the highest common factor of 48 and x?
48
Let u be 2/(((-207)/(-216))/23). What is the highest common divisor of 36 and u?
12
Let o = -12 + 37. Let t(z) = -z + 11. Suppose -3*k = -9, -4*s - k - 15 = -7*s. Let f be t(s). Calculate the highest common factor of o and f.
5
Suppose 2*r = 5*h - h - 60, 5*r = -5*h + 90. What is the highest common divisor of 168 and h?
8
Let t = 1148 + -1038. Calculate the greatest common divisor of 1815 and t.
55
Suppose -11*v - 75 + 207 = 0. Calculate the highest common divisor of v and 164.
4
Suppose 0 = 15*i - 17*i + 4, -3*i = -n + 26. Calculate the highest common divisor of n and 512.
32
Let b = 57 + -75. Let i be b/(-12)*(-100)/(-3). What is the greatest common factor of i and 100?
50
Let l be -6*((-5)/3 + 1). Let c be 2 + 14 + (-24)/(-6). Suppose -25*b = -20*b - c. Calculate the highest common factor of l and b.
4
Suppose -53*p = -286 + 74. What is the highest common factor of 54 and p?
2
Let y be (-4 - -625) + (2 - -2). What is the highest common divisor of y and 25?
25
Suppose -2*t = h - 2, 0*h - 2*t = -3*h + 6. Let r(c) = 15*c**2 + 2*c - 1. Let q be r(1). What is the greatest common divisor of h and q?
2
Suppose 4*x + 2*z - 82 = 0, 2*z + z = 5*x - 130. Let t be (0 - 69/4)*-4. What is the highest common divisor of t and x?
23
Let n(j) = j**3 + 4*j**2 - 2*j + 4. Let c be 6/(-3 - (-9)/6). Let d be n(c). Let q = 354 - 246. Calculate the greatest common factor of d and q.
12
Let a = 47 - 3. Suppose -5*r + 47 = 4*g, -5*g - 47 = -3*r - 4. Calculate the highest common divisor of a and r.
11
Suppose -12*m + 40 = -7*m. Suppose 3*t = 6*t. Let v = t + 8. What is the highest common divisor of v and m?
8
Suppose -3*l + 2 = 2*k, 5*k = -0*k + 2*l + 43. Let h = 130 + -123. What is the highest common factor of h and k?
7
Let w(o) = 15*o - 17. Let p be w(4). What is the highest common divisor of p and 43?
43
Suppose 37 = -5*y + 7. Let t be (-68)/y*150/20. What is the highest common factor of t and 17?
17
Let h = -780 + 1853. Calculate the greatest common factor of h and 37.
37
Suppose 11 - 15 = -o. Suppose o*p - 8*p = -84. What is the greatest common factor of p and 14?
7
Suppose 3*y + 3*j - 93 = 0, j + 96 = 3*y + 5*j. Let q be 8/8 - 1/(-2)*82. Wha